{"id":14,"date":"2013-09-17T19:22:23","date_gmt":"2013-09-17T17:22:23","guid":{"rendered":""},"modified":"2026-01-22T13:57:33","modified_gmt":"2026-01-22T12:57:33","slug":"a-csenger-varosi-kezilabda-club-tortenete","status":"publish","type":"page","link":"https:\/\/csengervkc.hu\/?page_id=14","title":{"rendered":"A Csenger V\u00e1rosi K\u00e9zilabda Club t\u00f6rt\u00e9nete"},"content":{"rendered":"<hr>\n<p style=\"text-align: center;\" align=\"center\"><em>Az oldal folyamatosan szerkeszt\u00e9s alatt \u00e1ll, \u00edgy&nbsp;el\u0151fordulhatnak hi\u00e1nyoss\u00e1gok.<\/em><\/p>\n<hr>\n<p align=\"center\"><em><strong>A kezdetekt\u0151l napjainkig<\/strong><\/em><\/p>\n<p>A csengeri k\u00e9zilabdasport m\u00faltja, az 1970-es \u00e9vek elej\u00e9re ny\u00falik vissza. A szakoszt\u00e1ly megalakul\u00e1sa egyr\u00e9szt annak is k\u00f6sz\u00f6nhet\u0151 volt, hogy az akkori Csengeri \u00c1GSE labdarug\u00f3 csapata kit\u0171n\u0151 szerepl\u00e9ssel kiharcolta a ter\u00fcleti bajnoks\u00e1gban val\u00f3 szerepl\u00e9s jog\u00e1t, viszont a magasabb oszt\u00e1lyban val\u00f3 r\u00e9szv\u00e9tel egyik felt\u00e9tele az volt, hogy legal\u00e1bb \u00f6t k\u00fcl\u00f6nb\u00f6z\u0151 szakoszt\u00e1lyt m\u0171k\u00f6dtessen a Sportegyes\u00fclet.<\/p>\n<p>\u00cdgy megalakultak az al\u00e1bbi szakoszt\u00e1lyok Csengerben:<\/p>\n<ul>\n<li>Labdar\u00fag\u00f3 szakoszt\u00e1ly<\/li>\n<li>K\u00e9zilabda szakoszt\u00e1ly<\/li>\n<li>Sakk szakoszt\u00e1ly<\/li>\n<li>S\u00falyemel\u0151 szakoszt\u00e1ly<\/li>\n<li>V\u00edzit\u00fara szakoszt\u00e1ly<\/li>\n<\/ul>\n<p>A k\u00e9zilabda szakoszt\u00e1ly elindul\u00e1s\u00e1t el\u0151seg\u00edtette az akkoriban m\u0171k\u00f6d\u0151 \u201eFalusi Spartaki\u00e1d\u201d, \u00edgy az alakul\u00f3 \u00fcl\u00e9sen z\u00f6mmel, az ott versenyz\u0151 sportol\u00f3k jelentkeztek j\u00e1t\u00e9kosnak, a szakoszt\u00e1ly fel\u00e9leszt\u00e9s\u00e9re. A megalakul\u00f3 csapat szakoszt\u00e1lyvezet\u0151i ir\u00e1ny\u00edt\u00e1s\u00e1ra Kardos Zolt\u00e1n kapott megb\u00edz\u00e1st. Az \u0150 visszaeml\u00e9kez\u00e9se alapj\u00e1n v\u00e1ltozatos \u00e9vek k\u00f6vett\u00e9k egym\u00e1st, a szakoszt\u00e1ly t\u00f6bbsz\u00f6r szembes\u00fclt a megfelel\u0151 j\u00e1t\u00e9kos\u00e1llom\u00e1ny hi\u00e1ny\u00e1val, \u00e9s a sz\u0171k\u00f6s finansz\u00edroz\u00e1si lehet\u0151s\u00e9ggel.<\/p>\n<p>Az akkori neh\u00e9zs\u00e9gek ellen\u00e9re, a helyi fiatalokb\u00f3l egy \u00f6sszetart\u00f3 csapat kov\u00e1csol\u00f3dott \u00f6ssze Csengerben, akik hossz\u00fa \u00e9veken \u00e1t meghat\u00e1rozt\u00e1k a k\u00e9zilabdasport\u00e1g ter\u00fclet\u00e9n a sikeres szerepl\u00e9st.<\/p>\n<p>Az 1990-es \u00e9vek elej\u00e9n a k\u00e9zilabdacsapat t\u00f6bb esetben szembes\u00fclt finansz\u00edroz\u00e1si neh\u00e9zs\u00e9gekkel, ez\u00e9rt 1993 tavasz\u00e1n a vezet\u0151s\u00e9g egy \u00f6n\u00e1ll\u00f3 klub megalap\u00edt\u00e1sa mellett d\u00f6nt\u00f6tt, \u00e9s ekkor l\u00e9trej\u00f6tt a jelenlegi form\u00e1j\u00e1ban m\u0171k\u00f6d\u0151 Csenger V\u00e1rosi K\u00e9zilabda Club, melynek vezet\u00e9s\u00e9t Csernyi Gyula l\u00e1tta el.<\/p>\n<p>Az \u00faj szervezeti form\u00e1ban fel\u00e1ll\u00f3 egyes\u00fclet, a 1993\/94. \u00e9vi bajnoks\u00e1g \u0151szi szezonj\u00e1t 100 %-os eredm\u00e9nnyel z\u00e1rta, \u00e9s re\u00e1lis es\u00e9ly k\u00edn\u00e1lkozott, hogy a j\u00e1t\u00e9kosok \u00e9s a szurkol\u00f3k r\u00e9gi \u00e1lma megval\u00f3suljon. A m\u00e1r \u00e9vek \u00f3ta dobog\u00f3 k\u00f6zelben k\u00fczd\u0151 k\u00e9zilabdacsapat az 1994-es bajnoks\u00e1got f\u00f6l\u00e9nyesen megnyerve, feljutott a NB II-es oszt\u00e1lyba, ami Csenger k\u00e9zilabda sportt\u00f6rt\u00e9net\u00e9nek egyik legjelent\u0151sebb esem\u00e9nye volt. A sikerek kov\u00e1csa, a csapat akkori akt\u00edv tagja, Bokor L\u00e1szl\u00f3 edz\u0151 volt.<\/p>\n<p>A csapat 1994-t\u0151l kezd\u0151d\u0151en sz\u00e9p eredm\u00e9nyeket \u00e9rt el a nagynev\u0171 ellenfelekkel szemben, de sajnos k\u00fcl\u00f6nb\u00f6z\u0151 probl\u00e9m\u00e1k miatt az NB II-es szerepl\u00e9st\u0151l a csapatnak 1997 j\u00fanius\u00e1ban el kellett b\u00facs\u00faznia.<\/p>\n<p>A v\u00e1lt\u00e1st k\u00f6vet\u0151 megr\u00e1zk\u00f3dtat\u00e1s k\u00e9s\u0151bb a felem\u00e1s eredm\u00e9nyekben t\u00fckr\u00f6z\u0151d\u00f6tt, de talpra \u00e1llt, \u00e9s \u00fajra \u00f6sszekov\u00e1csol\u00f3dott a csapat, a Club vezet\u0151j\u00e9nek, Sz\u00e9kely Zolt\u00e1n eln\u00f6knek az ir\u00e1ny\u00edt\u00e1s\u00e1val.<\/p>\n<p>A kitart\u00f3, \u00e9s lelkiismeretes csapatmunka meghozta eredm\u00e9ny\u00e9t, \u00e9s 5 \u00e9v ut\u00e1n, 2002-ben ism\u00e9t NB II-es k\u00e9zilabda csapata lett a v\u00e1rosnak. &nbsp;Sajnos ez az id\u0151szak sem tarthatott sok\u00e1ig, ugyanis a szezon v\u00e9g\u00e9n sajnos a kies\u00e9s sz\u00e9l\u00e9re ker\u00fclt a Club, amely 10 \u00e9ven kereszt\u00fcl nem tudta visszak\u00fczdeni mag\u00e1t az NB II-es sport\u00e9letbe.<\/p>\n<p>A 2012-es \u00e9v hatalmas v\u00e1ltoz\u00e1sokat hozott. A feln\u0151tt csapat a 2011\/2012-es szezonban megnyerte a megyei bajnoks\u00e1got, \u00edgy hossz\u00fa id\u0151szak ut\u00e1n ism\u00e9t bajnokcsapatot avathattunk Csengerben. A bajnoki c\u00edm megszerz\u00e9s\u00e9vel lehet\u0151s\u00e9g ny\u00edlt \u00fajra az NB-II.-es szerepl\u00e9sre, de sajnos erre a Club anyagi forr\u00e1sainak hi\u00e1nya miatt nem volt lehet\u0151s\u00e9g.<\/p>\n<p>A k\u00e9zilabdacsapat NB II-es visszat\u00e9r\u00e9s\u00e9nek, \u00e9s hossz\u00fa t\u00e1v\u00fa bennmarad\u00e1s\u00e1nak el\u0151k\u00e9sz\u00edt\u00e9se viszont m\u00e1r elkezd\u0151d\u00f6tt. A Club k\u00e9t \u00e9vvel ezel\u0151tt elind\u00edtotta az \u00e9vtizedek \u00f3ta neh\u00e9zs\u00e9gekbe \u00fctk\u00f6z\u0151 k\u00e9zilabda ut\u00e1np\u00f3tl\u00e1s nevel\u00e9st, ami az egyik legfontosabb eleme a magasabb oszt\u00e1lyban val\u00f3 sikeres szerepl\u00e9snek!<\/p>\n<hr>\n<p><img loading=\"lazy\" decoding=\"async\" class=\"size-large wp-image-2905 aligncenter\" src=\"https:\/\/csengervkc.hu\/wp-content\/uploads\/2018\/09\/csapatkep_001_01-1024x541.png\" alt=\"\" width=\"750\" height=\"396\" srcset=\"https:\/\/csengervkc.hu\/wp-content\/uploads\/2018\/09\/csapatkep_001_01-1024x541.png 1024w, https:\/\/csengervkc.hu\/wp-content\/uploads\/2018\/09\/csapatkep_001_01-300x158.png 300w, https:\/\/csengervkc.hu\/wp-content\/uploads\/2018\/09\/csapatkep_001_01-768x406.png 768w, https:\/\/csengervkc.hu\/wp-content\/uploads\/2018\/09\/csapatkep_001_01-732x387.png 732w, https:\/\/csengervkc.hu\/wp-content\/uploads\/2018\/09\/csapatkep_001_01-1140x602.png 1140w\" sizes=\"auto, (max-width: 750px) 100vw, 750px\" \/><\/p>\n","protected":false},"excerpt":{"rendered":"<p>Az oldal folyamatosan szerkeszt\u00e9s alatt \u00e1ll, \u00edgy&nbsp;el\u0151fordulhatnak hi\u00e1nyoss\u00e1gok. A kezdetekt\u0151l napjainkig A csengeri k\u00e9zilabdasport m\u00faltja, az 1970-es \u00e9vek elej\u00e9re ny\u00falik vissza. A szakoszt\u00e1ly megalakul\u00e1sa egyr\u00e9szt annak is k\u00f6sz\u00f6nhet\u0151 volt, hogy&hellip;<a href=\"https:\/\/csengervkc.hu\/?page_id=14\" class=\"more-link\"><span class=\"more-button\">Continue reading<span class=\"screen-reader-text\">A Csenger V\u00e1rosi K\u00e9zilabda Club t\u00f6rt\u00e9nete<\/span><\/span><\/a><\/p>\n","protected":false},"author":6,"featured_media":0,"parent":0,"menu_order":0,"comment_status":"closed","ping_status":"closed","template":"","meta":{"footnotes":""},"class_list":["post-14","page","type-page","status-publish","hentry"],"_links":{"self":[{"href":"https:\/\/csengervkc.hu\/index.php?rest_route=\/wp\/v2\/pages\/14","targetHints":{"allow":["GET"]}}],"collection":[{"href":"https:\/\/csengervkc.hu\/index.php?rest_route=\/wp\/v2\/pages"}],"about":[{"href":"https:\/\/csengervkc.hu\/index.php?rest_route=\/wp\/v2\/types\/page"}],"author":[{"embeddable":true,"href":"https:\/\/csengervkc.hu\/index.php?rest_route=\/wp\/v2\/users\/6"}],"replies":[{"embeddable":true,"href":"https:\/\/csengervkc.hu\/index.php?rest_route=%2Fwp%2Fv2%2Fcomments&post=14"}],"version-history":[{"count":1,"href":"https:\/\/csengervkc.hu\/index.php?rest_route=\/wp\/v2\/pages\/14\/revisions"}],"predecessor-version":[{"id":4765,"href":"https:\/\/csengervkc.hu\/index.php?rest_route=\/wp\/v2\/pages\/14\/revisions\/4765"}],"wp:attachment":[{"href":"https:\/\/csengervkc.hu\/index.php?rest_route=%2Fwp%2Fv2%2Fmedia&parent=14"}],"curies":[{"name":"wp","href":"https:\/\/api.w.org\/{rel}","templated":true}]}}