{"id":6056,"date":"2026-02-20T14:40:31","date_gmt":"2026-02-20T13:40:31","guid":{"rendered":"https:\/\/csengervkc.hu\/?page_id=6056"},"modified":"2026-02-20T15:48:58","modified_gmt":"2026-02-20T14:48:58","slug":"tao-2024-2025","status":"publish","type":"page","link":"https:\/\/csengervkc.hu\/?page_id=6056","title":{"rendered":"TAO 2024\/2025"},"content":{"rendered":"\n<p>A dokumentum&nbsp;PDF&nbsp;form\u00e1tumban, a \u201elet\u00f6lt\u00e9s\u201d gombra kattintva \u00e9rhet\u0151 el.<\/p>\n\n\n\n<div data-wp-interactive=\"core\/file\" class=\"wp-block-file\"><object data-wp-bind--hidden=\"!state.hasPdfPreview\" hidden class=\"wp-block-file__embed\" data=\"https:\/\/csengervkc.hu\/wp-content\/uploads\/2026\/02\/SPORTFEJLESZTESI-PROGRAM-2024-2025.-EV-KERELEM.pdf\" type=\"application\/pdf\" style=\"width:100%;height:600px\" aria-label=\"PDF be\u00e1gyaz\u00e1s\"><\/object><a href=\"https:\/\/csengervkc.hu\/wp-content\/uploads\/2026\/02\/SPORTFEJLESZTESI-PROGRAM-2024-2025.-EV-KERELEM.pdf\" class=\"wp-block-file__button wp-element-button\" download>Let\u00f6lt\u00e9s<\/a><\/div>\n\n\n\n<p>A dokumentum&nbsp;PDF&nbsp;form\u00e1tumban, a \u201elet\u00f6lt\u00e9s\u201d gombra kattintva \u00e9rhet\u0151 el.<\/p>\n\n\n\n<div data-wp-interactive=\"core\/file\" class=\"wp-block-file\"><object data-wp-bind--hidden=\"!state.hasPdfPreview\" hidden class=\"wp-block-file__embed\" data=\"https:\/\/csengervkc.hu\/wp-content\/uploads\/2026\/02\/SPORTFEJLESZTESI-PROGRAM-2024-2025.-EV-JOVAHAGYO-HATAROZAT.pdf\" type=\"application\/pdf\" style=\"width:100%;height:600px\" aria-label=\"PDF be\u00e1gyaz\u00e1s\"><\/object><a href=\"https:\/\/csengervkc.hu\/wp-content\/uploads\/2026\/02\/SPORTFEJLESZTESI-PROGRAM-2024-2025.-EV-JOVAHAGYO-HATAROZAT.pdf\" class=\"wp-block-file__button wp-element-button\" download>Let\u00f6lt\u00e9s<\/a><\/div>\n\n\n\n<p>A dokumentum\u00a0PDF\u00a0form\u00e1tumban, a \u201elet\u00f6lt\u00e9s\u201d gombra kattintva \u00e9rhet\u0151 el.<\/p>\n\n\n\n<div data-wp-interactive=\"core\/file\" class=\"wp-block-file\"><object data-wp-bind--hidden=\"!state.hasPdfPreview\" hidden class=\"wp-block-file__embed\" data=\"https:\/\/csengervkc.hu\/wp-content\/uploads\/2026\/02\/SPORTFEJLESZTESI-PROGRAM-hossz.-kerelem-2024-2025.-EV.pdf\" type=\"application\/pdf\" style=\"width:100%;height:600px\" aria-label=\"&lt;br&gt; be\u00e1gyaz\u00e1sa\"><\/object><a id=\"wp-block-file--media-3952e518-6e4d-44ed-bde7-76545c70f6e0\" href=\"https:\/\/csengervkc.hu\/wp-content\/uploads\/2026\/02\/SPORTFEJLESZTESI-PROGRAM-hossz.-kerelem-2024-2025.-EV.pdf\"><br><\/a><a href=\"https:\/\/csengervkc.hu\/wp-content\/uploads\/2026\/02\/SPORTFEJLESZTESI-PROGRAM-hossz.-kerelem-2024-2025.-EV.pdf\" class=\"wp-block-file__button wp-element-button\" download aria-describedby=\"wp-block-file--media-3952e518-6e4d-44ed-bde7-76545c70f6e0\">Let\u00f6lt\u00e9s<\/a><\/div>\n\n\n\n<p>A dokumentum\u00a0PDF\u00a0form\u00e1tumban, a \u201elet\u00f6lt\u00e9s\u201d gombra kattintva \u00e9rhet\u0151 el.<\/p>\n\n\n\n<div data-wp-interactive=\"core\/file\" class=\"wp-block-file\"><object data-wp-bind--hidden=\"!state.hasPdfPreview\" hidden class=\"wp-block-file__embed\" data=\"https:\/\/csengervkc.hu\/wp-content\/uploads\/2026\/02\/SPORTFEJLESZTESI-PROGRAM-2024-2025.-EV-Hosszabbitast-jovahagyo-hatarozat.pdf\" type=\"application\/pdf\" style=\"width:100%;height:600px\" aria-label=\"PDF be\u00e1gyaz\u00e1s\"><\/object><a href=\"https:\/\/csengervkc.hu\/wp-content\/uploads\/2026\/02\/SPORTFEJLESZTESI-PROGRAM-2024-2025.-EV-Hosszabbitast-jovahagyo-hatarozat.pdf\" class=\"wp-block-file__button wp-element-button\" download>Let\u00f6lt\u00e9s<\/a><\/div>\n\n\n\n<p><\/p>\n","protected":false},"excerpt":{"rendered":"<p>A dokumentum&nbsp;PDF&nbsp;form\u00e1tumban, a \u201elet\u00f6lt\u00e9s\u201d gombra kattintva \u00e9rhet\u0151 el. A dokumentum&nbsp;PDF&nbsp;form\u00e1tumban, a \u201elet\u00f6lt\u00e9s\u201d gombra kattintva \u00e9rhet\u0151 el. A dokumentum\u00a0PDF\u00a0form\u00e1tumban, a \u201elet\u00f6lt\u00e9s\u201d gombra kattintva \u00e9rhet\u0151 el. A dokumentum\u00a0PDF\u00a0form\u00e1tumban, a \u201elet\u00f6lt\u00e9s\u201d gombra kattintva&hellip;<a href=\"https:\/\/csengervkc.hu\/?page_id=6056\" class=\"more-link\"><span class=\"more-button\">Continue reading<span class=\"screen-reader-text\">TAO 2024\/2025<\/span><\/span><\/a><\/p>\n","protected":false},"author":188,"featured_media":0,"parent":0,"menu_order":0,"comment_status":"closed","ping_status":"closed","template":"","meta":{"footnotes":""},"class_list":["post-6056","page","type-page","status-publish","hentry"],"_links":{"self":[{"href":"https:\/\/csengervkc.hu\/index.php?rest_route=\/wp\/v2\/pages\/6056","targetHints":{"allow":["GET"]}}],"collection":[{"href":"https:\/\/csengervkc.hu\/index.php?rest_route=\/wp\/v2\/pages"}],"about":[{"href":"https:\/\/csengervkc.hu\/index.php?rest_route=\/wp\/v2\/types\/page"}],"author":[{"embeddable":true,"href":"https:\/\/csengervkc.hu\/index.php?rest_route=\/wp\/v2\/users\/188"}],"replies":[{"embeddable":true,"href":"https:\/\/csengervkc.hu\/index.php?rest_route=%2Fwp%2Fv2%2Fcomments&post=6056"}],"version-history":[{"count":2,"href":"https:\/\/csengervkc.hu\/index.php?rest_route=\/wp\/v2\/pages\/6056\/revisions"}],"predecessor-version":[{"id":6139,"href":"https:\/\/csengervkc.hu\/index.php?rest_route=\/wp\/v2\/pages\/6056\/revisions\/6139"}],"wp:attachment":[{"href":"https:\/\/csengervkc.hu\/index.php?rest_route=%2Fwp%2Fv2%2Fmedia&parent=6056"}],"curies":[{"name":"wp","href":"https:\/\/api.w.org\/{rel}","templated":true}]}}